st the prime factors of 151044895.
5, 30208979
List the prime factors of 23510030.
2, 5, 19, 123737
What are the prime factors of 27529132?
2, 1789, 3847
List the prime factors of 95145307.
83, 1146329
List the prime factors of 54322812.
2, 3, 167663
List the prime factors of 221193579.
3, 17, 4337129
List the prime factors of 428036239.
37, 11568547
What are the prime factors of 28262671?
19, 1487509
What are the prime factors of 148796723?
347, 428809
List the prime factors of 42403779.
3, 11, 107, 4003
List the prime factors of 266459913.
3, 257, 115201
What are the prime factors of 20535527?
23, 892849
List the prime factors of 45211521.
3, 37, 407311
List the prime factors of 194168726.
2, 97084363
List the prime factors of 143820244.
2, 197, 229, 797
List the prime factors of 960864207.
3, 101, 683, 4643
What are the prime factors of 884760582?
2, 3, 147460097
List the prime factors of 378857979.
3, 149, 31391
List the prime factors of 4657323364.
2, 89, 13082369
What are the prime factors of 55888208?
2, 3493013
What are the prime factors of 66817824?
2, 3, 696019
List the prime factors of 2218856060.
2, 5, 2297, 48299
List the prime factors of 142833099.
3, 17, 131, 21379
What are the prime factors of 1693771166?
2, 17, 49816799
List the prime factors of 5556914985.
3, 5, 370460999
What are the prime factors of 26805808?
2, 19, 88177
What are the prime factors of 423466706?
2, 13, 967, 16843
What are the prime factors of 1518291495?
3, 5, 7, 31, 89, 1747
What are the prime factors of 42753120?
2, 3, 5, 89069
List the prime factors of 700376530.
2, 5, 7, 10005379
List the prime factors of 223808582.
2, 8819, 12689
What are the prime factors of 14736215?
5, 13, 23, 9857
List the prime factors of 2594020241.
7211, 359731
List the prime factors of 132333925.
5, 211, 25087
List the prime factors of 3132951696.
2, 3, 7, 41, 8423
List the prime factors of 5914709782.
2, 1579, 1872929
What are the prime factors of 11195814?
2, 3, 7, 113, 337
What are the prime factors of 7686380?
2, 5, 13, 17, 37, 47
What are the prime factors of 139460766?
2, 3, 131, 177431
List the prime factors of 1257154343.
409, 3073727
List the prime factors of 71478130.
2, 5, 7147813
What are the prime factors of 218465681?
7, 727, 42929
List the prime factors of 713709530.
2, 5, 83, 859891
What are the prime factors of 3599899319?
3599899319
List the prime factors of 1710543560.
2, 5, 11, 193, 20143
List the prime factors of 4397459.
11, 399769
List the prime factors of 178022245.
5, 35604449
List the prime factors of 58686838.
2, 7, 593, 7069
What are the prime factors of 482943794?
2, 97, 317, 7853
List the prime factors of 14402072.
2, 1800259
What are the prime factors of 4931459305?
5, 4049, 243589
What are the prime factors of 2007708871?
7, 286815553
List the prime factors of 43510496.
2, 43, 103, 307
What are the prime factors of 34274516?
2, 17, 59, 8543
List the prime factors of 175025769.
3, 53, 109, 10099
What are the prime factors of 2000358529?
13, 2297, 5153
List the prime factors of 84921003.
3, 167, 56501
What are the prime factors of 86533453?
86533453
What are the prime factors of 5957727?
3, 709, 2801
What are the prime factors of 81360292?
2, 13, 23, 59, 1153
List the prime factors of 117016054.
2, 58508027
List the prime factors of 5642437.
1301, 4337
List the prime factors of 43471642.
2, 21735821
What are the prime factors of 10217268?
2, 3, 283813
List the prime factors of 60421475.
5, 2416859
List the prime factors of 61176718.
2, 29, 149, 7079
List the prime factors of 921661402.
2, 449, 563, 1823
List the prime factors of 57743988.
2, 3, 29, 165931
List the prime factors of 663884552.
2, 349, 237781
What are the prime factors of 42171572?
2, 10542893
What are the prime factors of 37209892?
2, 107, 86939
List the prime factors of 1397954227.
1397954227
What are the prime factors of 4328754442?
2, 2164377221
List the prime factors of 10746157.
239, 44963
What are the prime factors of 49197878?
2, 19, 457, 2833
List the prime factors of 6421118877.
3, 31, 1201, 19163
What are the prime factors of 474597860?
2, 5, 11, 1153, 1871
List the prime factors of 75998359.
101, 752459
What are the prime factors of 6676147413?
3, 13, 83, 76387
What are the prime factors of 20914719?
3, 7, 73, 1949
List the prime factors of 894735857.
17, 23, 31, 97, 761
List the prime factors of 46770873.
3, 41, 380251
What are the prime factors of 42253674?
2, 3, 1193, 5903
List the prime factors of 30486675.
3, 5, 67, 6067
What are the prime factors of 26602767?
3, 43, 53, 1297
What are the prime factors of 53130381?
3, 137, 257, 503
List the prime factors of 434868764.
2, 11, 373, 26497
What are the prime factors of 17273638?
2, 8636819
What are the prime factors of 7644038418?
2, 3, 141556267
What are the prime factors of 29064328?
2, 3633041
What are the prime factors of 53070486?
2, 3, 7, 1263583
What are the prime factors of 282454582?
2, 23, 409, 15013
What are the prime factors of 2558350051?
31, 82527421
List the prime factors of 152886557.
61, 2506337
List the prime factors of 14898769.
43, 421, 823
List the prime factors of 712245391.
11, 13, 277, 17981
List the prime factors of 21328361.
1531, 13931
What are the prime factors of 240084932?
2, 60021233
What are the prime factors of 1451470543?
1451470543
What are the prime factors of 724495888?
2, 45280993
List the prime factors of 373334549.
7, 149, 263, 1361
List the prime factors of 1317331428.
2, 3, 7, 17, 73, 12637
What are the prime factors of 3626278260?
2, 3, 5, 11, 5494361
List the prime factors of 2203132543.
181, 12172003
List the prime factors of 203819197.
2099, 97103
List the prime factors of 47148624.
2, 3, 327421
List the prime factors of 45629989.
17, 397, 6761
List the prime factors of 170859130.
2, 5, 13, 1314301
List the prime factors of 55214541.
3, 607, 1123
List the prime factors of 71258661.
3, 619, 12791
What are the prime factors of 40161211?
40161211
List the prime factors of 7863226643.
37, 293, 725323
List the prime factors of 150318305.
5, 1259, 23879
What are the prime factors of 139488403?
677, 206039
List the prime factors of 43450616.
2, 11, 44887
List the prime factors of 95422283.
11, 79, 109807
What are the prime factors of 3886169610?
2, 3, 5, 31, 4178677
What are the prime factors of 5135219435?
5, 107, 9598541
List the prime factors of 97902578.
2, 48951289
List the prime factors of 366594944.
2, 2864023
List the prime factors of 3039494981.
37, 89, 923017
What are the prime factors of 2403757996?
2, 107, 149, 37693
List the prime factors of 87379945.
5, 107, 163327
What are the prime factors of 571292288?
2, 7, 637603
List the prime factors of 949348664.
2, 11, 37, 291569
List the prime factors of 2625759932.
2, 656439983
List the prime factors of 1263614770.
2, 5, 11, 43, 311, 859
List the prime factors of 483036513.
3, 31, 1381, 3761
What are the prime factors of 51309740?
2, 5, 17, 229, 659
What are the prime factors of 59878555?
5, 11, 283, 3847
List the prime factors of 12010586.
2, 7, 122557
List the prime factors of 69397399.
43, 337, 4789
List the prime factors of 1293134314.
2, 647, 999331
List the prime factors of 131630631.
3, 11, 1117, 3571
What are the prime factors of 1092338070?
2, 3, 5, 29, 739, 1699
List the prime factors of 108980489.
17, 103, 109, 571
What are the prime factors of 632203415?
5, 23, 43, 173, 739
List the prime factors of 57261550.
2, 5, 67, 17093
What are the prime factors of 1080661354?
2, 41, 13178797
What are the prime factors of 788624845?
5, 37, 1249, 3413
List the prime factors of 1824369074.
2, 11, 53, 179, 8741
List the prime factors of 77715673.
7, 3109, 3571
List the prime factors of 97907430.
2, 3, 5, 53, 139, 443
What are the prime factors of 838557401?
11, 193, 394987
What are the prime factors of 106564347?
3, 17, 163, 4273
What are the prime factors of 7192290138?
2, 3, 11, 67, 1626479
List the prime factors of 35899534.
2, 11, 1631797
What are the prime factors of 308950442?
2, 43, 3592447
List the prime factors of 247848386.
2, 97, 1277569
What are the prime factors of 442226029?
7, 9025021
List the prime factors of 789554096.
2, 2719, 18149
What are the prime factors of 500383209?
3, 166794403
List the prime fact